{"id":766,"date":"2020-08-24T18:18:58","date_gmt":"2020-08-24T16:18:58","guid":{"rendered":"http:\/\/montreuilparadise.com\/?page_id=766"},"modified":"2022-06-10T13:11:16","modified_gmt":"2022-06-10T11:11:16","slug":"animations-parc-des-beaumonts","status":"publish","type":"page","link":"https:\/\/montreuilparadise.com\/?page_id=766","title":{"rendered":"Programmation 2021"},"content":{"rendered":"\n<figure class=\"wp-block-gallery aligncenter columns-4 is-cropped wp-block-gallery-1 is-layout-flex wp-block-gallery-is-layout-flex\"><ul class=\"blocks-gallery-grid\"><li class=\"blocks-gallery-item\"><figure><img loading=\"lazy\" decoding=\"async\" width=\"1008\" height=\"756\" src=\"http:\/\/montreuilparadise.com\/wp-content\/uploads\/2020\/08\/photos3.jpg\" alt=\"\" data-id=\"759\" data-full-url=\"http:\/\/montreuilparadise.com\/wp-content\/uploads\/2020\/08\/photos3.jpg\" data-link=\"http:\/\/montreuilparadise.com\/?attachment_id=759\" class=\"wp-image-759\" srcset=\"https:\/\/montreuilparadise.com\/wp-content\/uploads\/2020\/08\/photos3.jpg 1008w, https:\/\/montreuilparadise.com\/wp-content\/uploads\/2020\/08\/photos3-300x225.jpg 300w, https:\/\/montreuilparadise.com\/wp-content\/uploads\/2020\/08\/photos3-768x576.jpg 768w\" sizes=\"auto, (max-width: 1008px) 100vw, 1008px\" \/><\/figure><\/li><li class=\"blocks-gallery-item\"><figure><img loading=\"lazy\" decoding=\"async\" width=\"768\" height=\"960\" src=\"http:\/\/montreuilparadise.com\/wp-content\/uploads\/2020\/08\/83873860_177493213504515_9008627859647889408_n.jpg\" alt=\"\" data-id=\"762\" data-full-url=\"http:\/\/montreuilparadise.com\/wp-content\/uploads\/2020\/08\/83873860_177493213504515_9008627859647889408_n.jpg\" data-link=\"http:\/\/montreuilparadise.com\/?attachment_id=762\" class=\"wp-image-762\" srcset=\"https:\/\/montreuilparadise.com\/wp-content\/uploads\/2020\/08\/83873860_177493213504515_9008627859647889408_n.jpg 768w, https:\/\/montreuilparadise.com\/wp-content\/uploads\/2020\/08\/83873860_177493213504515_9008627859647889408_n-240x300.jpg 240w\" sizes=\"auto, (max-width: 768px) 100vw, 768px\" \/><\/figure><\/li><li class=\"blocks-gallery-item\"><figure><img loading=\"lazy\" decoding=\"async\" width=\"1008\" height=\"756\" src=\"http:\/\/montreuilparadise.com\/wp-content\/uploads\/2020\/08\/photos.jpg\" alt=\"\" data-id=\"760\" data-full-url=\"http:\/\/montreuilparadise.com\/wp-content\/uploads\/2020\/08\/photos.jpg\" data-link=\"http:\/\/montreuilparadise.com\/?attachment_id=760\" class=\"wp-image-760\" srcset=\"https:\/\/montreuilparadise.com\/wp-content\/uploads\/2020\/08\/photos.jpg 1008w, https:\/\/montreuilparadise.com\/wp-content\/uploads\/2020\/08\/photos-300x225.jpg 300w, https:\/\/montreuilparadise.com\/wp-content\/uploads\/2020\/08\/photos-768x576.jpg 768w\" sizes=\"auto, (max-width: 1008px) 100vw, 1008px\" \/><\/figure><\/li><li class=\"blocks-gallery-item\"><figure><img loading=\"lazy\" decoding=\"async\" width=\"675\" height=\"677\" src=\"http:\/\/montreuilparadise.com\/wp-content\/uploads\/2020\/08\/83523525_2249324622032847_1375225928061288448_n.jpg\" alt=\"\" data-id=\"761\" data-full-url=\"http:\/\/montreuilparadise.com\/wp-content\/uploads\/2020\/08\/83523525_2249324622032847_1375225928061288448_n.jpg\" data-link=\"http:\/\/montreuilparadise.com\/?attachment_id=761\" class=\"wp-image-761\" srcset=\"https:\/\/montreuilparadise.com\/wp-content\/uploads\/2020\/08\/83523525_2249324622032847_1375225928061288448_n.jpg 675w, https:\/\/montreuilparadise.com\/wp-content\/uploads\/2020\/08\/83523525_2249324622032847_1375225928061288448_n-300x300.jpg 300w, https:\/\/montreuilparadise.com\/wp-content\/uploads\/2020\/08\/83523525_2249324622032847_1375225928061288448_n-150x150.jpg 150w\" sizes=\"auto, (max-width: 675px) 100vw, 675px\" \/><\/figure><\/li><\/ul><\/figure>\n\n\n\n<div style=\"height:50px\" aria-hidden=\"true\" class=\"wp-block-spacer\"><\/div>\n\n\n\n<p style=\"font-size:30px\" class=\"has-text-align-center\">Le collectif Paradise organise pour la deuxi\u00e8me ann\u00e9e cons\u00e9cutive <br>des animations pour d\u00e9couvrir le <strong>Parc des Beaumonts<\/strong>.<\/p>\n\n\n\n<p style=\"color:#ea9c6a\" class=\"has-text-color has-text-align-center has-medium-font-size\">Un lieu de nature en pleine ville aux aspects incroyables,<br>dans lequel nous vous proposons des<br><strong>visites<\/strong> pour les grands et les petits afin de d\u00e9couvrir <br>les <strong>secrets sur sa faune et sa flore<\/strong> mais <br>\u00e9galement des <strong>concerts<\/strong> ou des <strong>ateliers<\/strong> pour profiter du parc !<br><\/p>\n\n\n\n<p style=\"font-size:30px\" class=\"has-text-align-center\">\u2014 De juin \u00e0 septembre \u2014<\/p>\n\n\n\n<div style=\"height:52px\" aria-hidden=\"true\" class=\"wp-block-spacer\"><\/div>\n\n\n\n<div class=\"wp-block-columns is-layout-flex wp-container-core-columns-is-layout-9d6595d7 wp-block-columns-is-layout-flex\">\n<div class=\"wp-block-column is-vertically-aligned-center is-layout-flow wp-block-column-is-layout-flow\" style=\"flex-basis:33.33%\">\n<hr class=\"wp-block-separator is-style-wide\"\/>\n\n\n\n<p style=\"font-size:25px\" class=\"has-text-align-center\">Pour vous donner <br>l&rsquo;eau \u00e0 la bouche<br>&#8230; <br><strong>Chasse aux tr\u00e9sors de Montreuil Paradise 2019 en vid\u00e9o<\/strong><\/p>\n\n\n\n<hr class=\"wp-block-separator\"\/>\n<\/div>\n\n\n\n<div class=\"wp-block-column is-vertically-aligned-center is-layout-flow wp-block-column-is-layout-flow\" style=\"flex-basis:66.66%\">\n<figure class=\"wp-block-video aligncenter\"><video autoplay controls preload=\"auto\" src=\"http:\/\/montreuilparadise.com\/wp-content\/uploads\/2020\/08\/WEN_0141-1-2.mov\" playsinline><\/video><\/figure>\n<\/div>\n<\/div>\n\n\n\n<p style=\"background-color:#bccac5;color:#000000\" class=\"has-text-color has-background has-text-align-center has-huge-font-size\"><strong>Programmation<\/strong><\/p>\n\n\n\n<div class=\"wp-block-group\"><div class=\"wp-block-group__inner-container is-layout-flow wp-block-group-is-layout-flow\">\n<div style=\"height:48px\" aria-hidden=\"true\" class=\"wp-block-spacer\"><\/div>\n\n\n\n<p style=\"font-size:30px\" class=\"has-text-align-center\"><strong>\u2014 Gratuit et ouvert \u00e0 tou.te.s sur inscription <\/strong>\u2014<\/p>\n\n\n\n<p class=\"has-text-align-center has-medium-font-size\"><em>Actions r\u00e9alis\u00e9es dans le cadre d&rsquo;un appel \u00e0 projet Est-Ensemble&nbsp;<\/em><\/p>\n\n\n\n<p style=\"font-size:25px\" class=\"has-text-align-center\">Pour vous inscrire (r\u00e9servation n\u00e9cessaire)&nbsp;: <br>\u00b7 Par sms : 06 70 42 67 73 <br>\u00b7 Par mail : club4ruelles@gmail. com<br>\u00b7 Sur Facebook : Montreuil Paradise <\/p>\n<\/div><\/div>\n\n\n\n<div class=\"wp-block-columns is-layout-flex wp-container-core-columns-is-layout-9d6595d7 wp-block-columns-is-layout-flex\">\n<div class=\"wp-block-column is-vertically-aligned-top is-layout-flow wp-block-column-is-layout-flow\">\n<div style=\"height:50px\" aria-hidden=\"true\" class=\"wp-block-spacer\"><\/div>\n\n\n\n<p style=\"color:#275344\" class=\"has-text-color has-text-align-center has-large-font-size\"><strong>En Juin &amp; Juillet<\/strong><\/p>\n\n\n\n<hr class=\"wp-block-separator is-style-dots\"\/>\n\n\n\n<p style=\"background-color:#f9f1dc\" class=\"has-background has-text-align-center has-medium-font-size\"><strong>Dimanche 20 juin<\/strong><\/p>\n\n\n\n<p class=\"has-text-align-center has-medium-font-size\"><span style=\"text-decoration: underline;\">14h &#8211; BALADE : Le Parc des Beaumonts<\/span><br>Des plantes sauvages qui soignent <br>et qui se mangent &#8211; balade botanique.<\/p>\n\n\n\n<p class=\"has-text-align-center has-medium-font-size\"><span style=\"text-decoration: underline;\">15h &#8211; DO IT YOURSELF<\/span><br>Fabrication de produits naturel <br>avec les plantes courantes.<\/p>\n\n\n\n<p class=\"has-text-align-center has-medium-font-size\"><em>Entr\u00e9e rue des Charmes <\/em><br><em>Rdv en bas de l&rsquo;escalier<\/em><\/p>\n\n\n\n<hr class=\"wp-block-separator is-style-default\"\/>\n\n\n\n<p style=\"background-color:#f9f1dc\" class=\"has-background has-text-align-center has-medium-font-size\"><strong>Mercredi 14 juillet&nbsp;<\/strong><\/p>\n\n\n\n<p class=\"has-text-align-center has-medium-font-size\"><span style=\"text-decoration: underline;\">14h &#8211; VISITE NATURE PAYSAGE : Le Parc des Beaumonts<\/span><br>Des paysages \u00e0 lire et d\u00e9couvrir, <br>visite des diff\u00e9rents espaces du parc.<\/p>\n\n\n\n<p class=\"has-text-align-center\">\u2014<\/p>\n\n\n\n<p class=\"has-text-align-center has-medium-font-size\"><em>Entr\u00e9e Avenue Paul Doumer<\/em><br><em>Rdv \u00e0 l&rsquo;arr\u00eat du 122<\/em><\/p>\n\n\n\n<div class=\"wp-block-group\"><div class=\"wp-block-group__inner-container is-layout-flow wp-block-group-is-layout-flow\">\n<hr class=\"wp-block-separator\"\/>\n\n\n\n<div class=\"wp-block-group\"><div class=\"wp-block-group__inner-container is-layout-flow wp-block-group-is-layout-flow\">\n<p style=\"background-color:#f9f1dc\" class=\"has-background has-text-align-center has-medium-font-size\"><strong>Dimanche 25 juillet&nbsp;<\/strong><\/p>\n\n\n\n<p class=\"has-text-align-center has-medium-font-size\"><span style=\"text-decoration: underline;\">14h &#8211; VISITE NATURE PAYSAGE : Le Parc des Beaumonts<\/span><br>Des paysages \u00e0 lire et d\u00e9couvrir, <br>visite des diff\u00e9rents espaces du parc<\/p>\n\n\n\n<p class=\"has-text-align-center has-medium-font-size\"><em>Entr\u00e9e Avenue Paul Doumer<\/em><br><em>Rdv \u00e0 l&rsquo;arr\u00eat du 122<\/em><\/p>\n<\/div><\/div>\n<\/div><\/div>\n<\/div>\n\n\n\n<div class=\"wp-block-column is-vertically-aligned-top is-layout-flow wp-block-column-is-layout-flow\">\n<div style=\"height:50px\" aria-hidden=\"true\" class=\"wp-block-spacer\"><\/div>\n\n\n\n<p style=\"color:#275344\" class=\"has-text-color has-text-align-center has-large-font-size\"><strong>En Septembre<\/strong><\/p>\n\n\n\n<hr class=\"wp-block-separator is-style-dots\"\/>\n\n\n\n<div class=\"wp-block-group\"><div class=\"wp-block-group__inner-container is-layout-flow wp-block-group-is-layout-flow\">\n<p style=\"background-color:#f9f1dc\" class=\"has-background has-text-align-center has-medium-font-size\"><strong>Dimanche 12 septembre<\/strong><\/p>\n\n\n\n<p class=\"has-text-align-center has-medium-font-size\"><span style=\"text-decoration: underline;\">15h &#8211; CONTE : Pour les grands et les petits<\/span><br>Un conteur, de la nature, un cercle de petits et <br>de grands pour \u00e9couter des r\u00e9cits et des mythes <br>sur les plantes, les animaux du monde.<\/p>\n\n\n\n<p class=\"has-text-align-center has-medium-font-size\"><em>Entr\u00e9e Avenue Jean Moulin<\/em><br><em>Rdv Statue du Scribe<\/em><\/p>\n\n\n\n<hr class=\"wp-block-separator\"\/>\n\n\n\n<p style=\"background-color:#f9f1dc\" class=\"has-background has-text-align-center has-medium-font-size\"><strong>Dimanche 26 Septembre<\/strong><\/p>\n\n\n\n<p class=\"has-text-align-center has-medium-font-size\"><span style=\"text-decoration: underline;\">15h &#8211; VISITE NATURE PAYSAGE : Le Parc des Beaumonts<\/span><br>Des paysages \u00e0 lire et d\u00e9couvrir &#8211; visite des diff\u00e9rents espaces du parc.<\/p>\n\n\n\n<p class=\"has-text-align-center\">\u2014<\/p>\n\n\n\n<p class=\"has-text-align-center has-medium-font-size\"><span style=\"text-decoration: underline;\">15h &#8211; CHASSE AU TRESOR :<\/span><br>D\u00e9couverte de la faune<br>et la flore du parc<br>Des tr\u00e9sors de biodiversit\u00e9, des espaces<br>\u00e0 d\u00e9couvrir, apprendre en s&rsquo;amusant !<\/p>\n\n\n\n<p class=\"has-text-align-center has-medium-font-size\"><em>Entr\u00e9e Avenue Paul Doumer<\/em><br><em>Rdv \u00e0 l&rsquo;arr\u00eat du 122<\/em><\/p>\n\n\n\n<p class=\"has-text-align-center has-medium-font-size\"><br><span style=\"text-decoration: underline;\">16h &#8211; CONCECERT SONHOS DO BRAZIL : Eline &amp; Aur\u00e9lien<\/span><br>Embarquez-vous avec les artistes de Montreuill Records pour un voyage \u00e0 la d\u00e9couverte des musiques du Br\u00e9sil. Une balade sonore et historique \u00e0 travers les jungles de la Mata Atlantica, les plages du Pernambouc et les favelas de Rio pour mieux comprendre les origines complexes et m\u00e9tiss\u00e9es du samba, de la bossa, de la capoeira et du forro.<\/p>\n\n\n\n<p class=\"has-text-align-center has-medium-font-size\"><em>Sur la plaine cot\u00e9 Paul Doumer<\/em><\/p>\n<\/div><\/div>\n<\/div>\n<\/div>\n\n\n\n<p><\/p>\n","protected":false},"excerpt":{"rendered":"<p>Le collectif Paradise organise pour la deuxi\u00e8me ann\u00e9e cons\u00e9cutive des animations pour d\u00e9couvrir le Parc des Beaumonts. Un lieu de nature en pleine ville aux aspects incroyables,dans lequel nous vous proposons desvisites pour les grands et les petits afin de d\u00e9couvrir les secrets sur sa faune et sa flore mais \u00e9galement des concerts ou desLire la suite &rarr;<\/p>\n","protected":false},"author":1,"featured_media":305,"parent":0,"menu_order":0,"comment_status":"closed","ping_status":"closed","template":"","meta":{"footnotes":""},"class_list":["post-766","page","type-page","status-publish","has-post-thumbnail","hentry","has-thumb"],"_links":{"self":[{"href":"https:\/\/montreuilparadise.com\/index.php?rest_route=\/wp\/v2\/pages\/766","targetHints":{"allow":["GET"]}}],"collection":[{"href":"https:\/\/montreuilparadise.com\/index.php?rest_route=\/wp\/v2\/pages"}],"about":[{"href":"https:\/\/montreuilparadise.com\/index.php?rest_route=\/wp\/v2\/types\/page"}],"author":[{"embeddable":true,"href":"https:\/\/montreuilparadise.com\/index.php?rest_route=\/wp\/v2\/users\/1"}],"replies":[{"embeddable":true,"href":"https:\/\/montreuilparadise.com\/index.php?rest_route=%2Fwp%2Fv2%2Fcomments&post=766"}],"version-history":[{"count":85,"href":"https:\/\/montreuilparadise.com\/index.php?rest_route=\/wp\/v2\/pages\/766\/revisions"}],"predecessor-version":[{"id":1562,"href":"https:\/\/montreuilparadise.com\/index.php?rest_route=\/wp\/v2\/pages\/766\/revisions\/1562"}],"wp:featuredmedia":[{"embeddable":true,"href":"https:\/\/montreuilparadise.com\/index.php?rest_route=\/wp\/v2\/media\/305"}],"wp:attachment":[{"href":"https:\/\/montreuilparadise.com\/index.php?rest_route=%2Fwp%2Fv2%2Fmedia&parent=766"}],"curies":[{"name":"wp","href":"https:\/\/api.w.org\/{rel}","templated":true}]}}